{"id":159,"date":"2020-02-25T18:02:44","date_gmt":"2020-02-26T00:02:44","guid":{"rendered":"http:\/\/tecadesarrollos.com\/kentro\/?page_id=159"},"modified":"2020-03-31T12:25:38","modified_gmt":"2020-03-31T18:25:38","slug":"master-plan","status":"publish","type":"page","link":"https:\/\/tecadesarrollos.com\/kentro\/master-plan\/","title":{"rendered":"Master Plan"},"content":{"rendered":"\n<div class=\"wp-block-cover has-background-dim\" style=\"background-image:url(https:\/\/tecadesarrollos.com\/kentro\/wp-content\/uploads\/sites\/5\/2020\/02\/kentro-interior.jpg)\"><div class=\"wp-block-cover__inner-container is-layout-flow wp-block-cover-is-layout-flow\">\n<h1 class=\"has-text-align-center h1 wp-block-heading\">Kentro Master Plan<\/h1>\n\n\n\n<p class=\"has-text-align-center h5\">Vive cerca de todo<\/p>\n<\/div><\/div>\n\n\n\n<div class=\"wp-block-group\"><div class=\"wp-block-group__inner-container is-layout-flow wp-block-group-is-layout-flow\">\n<div class=\"wp-block-group seccion\"><div class=\"wp-block-group__inner-container is-layout-flow wp-block-group-is-layout-flow\">\n<h2 class=\"has-text-align-center h2 wp-block-heading\">Master Plan<\/h2>\n\n\n\n<p class=\"has-text-align-center u-max-width--sm u-centrar\">Con Kentro podr\u00e1s gozar de los beneficios de vivir en un lugar moderno, con excelente ubicaci\u00f3n y acceso a m\u00faltiples servicios.<\/p>\n\n\n\n<div class=\"wp-block-image\"><figure class=\"aligncenter size-large\"><img loading=\"lazy\" decoding=\"async\" width=\"1000\" height=\"624\" src=\"https:\/\/tecadesarrollos.com\/kentro\/wp-content\/uploads\/sites\/5\/2020\/03\/kentro-master-plan-1.png\" alt=\"\" class=\"wp-image-246\" srcset=\"https:\/\/tecadesarrollos.com\/kentro\/wp-content\/uploads\/sites\/5\/2020\/03\/kentro-master-plan-1.png 1000w, https:\/\/tecadesarrollos.com\/kentro\/wp-content\/uploads\/sites\/5\/2020\/03\/kentro-master-plan-1-300x187.png 300w, https:\/\/tecadesarrollos.com\/kentro\/wp-content\/uploads\/sites\/5\/2020\/03\/kentro-master-plan-1-768x479.png 768w\" sizes=\"auto, (max-width: 1000px) 100vw, 1000px\" \/><\/figure><\/div>\n\n\n\n<p class=\"has-text-align-center\">* Disponibilidad y precios sujetos a cambios sin previo aviso.<\/p>\n<\/div><\/div>\n<\/div><\/div>\n\n\n\n<div class=\"wp-block-group has-text-color has-background seccion\" style=\"background-color:#241f20;color:#ffffff\"><div class=\"wp-block-group__inner-container is-layout-flow wp-block-group-is-layout-flow\">\n<div class=\"wp-block-group container\"><div class=\"wp-block-group__inner-container is-layout-flow wp-block-group-is-layout-flow\">\n<h2 class=\"has-text-align-center h2 wp-block-heading\">\u00bfQuieres conocer Kentro?<\/h2>\n\n\n\n<p class=\"has-text-align-center h5\">Solicita m\u00e1s informaci\u00f3n o agenda un recorrido por el desarrollo<\/p>\n\n\n\n<div style=\"text-align: center\">\n<a href=\"\/kentro\/contacto\" class=\"btn\">Agendar recorrido<\/a>\n<\/div>\n<\/div><\/div>\n<\/div><\/div>\n","protected":false},"excerpt":{"rendered":"<p>Master Plan Con Kentro podr\u00e1s gozar de los beneficios de vivir en un lugar moderno, con excelente ubicaci\u00f3n y acceso a m\u00faltiples servicios. * Disponibilidad y precios sujetos a cambios sin previo aviso. \u00bfQuieres conocer Kentro? Solicita m\u00e1s informaci\u00f3n o agenda un recorrido por el desarrollo Agendar recorrido<\/p>\n","protected":false},"author":1,"featured_media":0,"parent":0,"menu_order":0,"comment_status":"closed","ping_status":"closed","template":"","meta":{"_uag_custom_page_level_css":"","_joinchat":[],"footnotes":"","_links_to":"","_links_to_target":""},"class_list":["post-159","page","type-page","status-publish","hentry"],"yoast_head":"<!-- This site is optimized with the Yoast SEO plugin v25.4 - https:\/\/yoast.com\/wordpress\/plugins\/seo\/ -->\n<title>Kentro - Master Plan<\/title>\n<meta name=\"description\" content=\"Kentro es una exclusiva privada de 7 townhouses ubicada en Montes de Am\u00e9, M\u00e9rida. Cada townhouse cuenta con 142 metros de construccio\u0301n en 2 niveles.\" \/>\n<meta name=\"robots\" content=\"index, follow, max-snippet:-1, max-image-preview:large, max-video-preview:-1\" \/>\n<link rel=\"canonical\" href=\"https:\/\/tecadesarrollos.com\/kentro\/master-plan\/\" \/>\n<meta property=\"og:locale\" content=\"es_MX\" \/>\n<meta property=\"og:type\" content=\"article\" \/>\n<meta property=\"og:title\" content=\"Kentro - Master Plan\" \/>\n<meta property=\"og:description\" content=\"Kentro es una exclusiva privada de 7 townhouses ubicada en Montes de Am\u00e9, M\u00e9rida. Cada townhouse cuenta con 142 metros de construccio\u0301n en 2 niveles.\" \/>\n<meta property=\"og:url\" content=\"https:\/\/tecadesarrollos.com\/kentro\/master-plan\/\" \/>\n<meta property=\"og:site_name\" content=\"Kentro\" \/>\n<meta property=\"article:modified_time\" content=\"2020-03-31T18:25:38+00:00\" \/>\n<meta property=\"og:image\" content=\"https:\/\/tecadesarrollos.com\/kentro\/wp-content\/uploads\/sites\/5\/2020\/03\/kentro-master-plan-1.png\" \/>\n<meta name=\"twitter:card\" content=\"summary_large_image\" \/>\n<script type=\"application\/ld+json\" class=\"yoast-schema-graph\">{\"@context\":\"https:\/\/schema.org\",\"@graph\":[{\"@type\":\"WebPage\",\"@id\":\"https:\/\/tecadesarrollos.com\/kentro\/master-plan\/\",\"url\":\"https:\/\/tecadesarrollos.com\/kentro\/master-plan\/\",\"name\":\"Kentro - Master Plan\",\"isPartOf\":{\"@id\":\"https:\/\/tecadesarrollos.com\/kentro\/#website\"},\"primaryImageOfPage\":{\"@id\":\"https:\/\/tecadesarrollos.com\/kentro\/master-plan\/#primaryimage\"},\"image\":{\"@id\":\"https:\/\/tecadesarrollos.com\/kentro\/master-plan\/#primaryimage\"},\"thumbnailUrl\":\"https:\/\/tecadesarrollos.com\/kentro\/wp-content\/uploads\/sites\/5\/2020\/03\/kentro-master-plan-1.png\",\"datePublished\":\"2020-02-26T00:02:44+00:00\",\"dateModified\":\"2020-03-31T18:25:38+00:00\",\"description\":\"Kentro es una exclusiva privada de 7 townhouses ubicada en Montes de Am\u00e9, M\u00e9rida. Cada townhouse cuenta con 142 metros de construccio\u0301n en 2 niveles.\",\"breadcrumb\":{\"@id\":\"https:\/\/tecadesarrollos.com\/kentro\/master-plan\/#breadcrumb\"},\"inLanguage\":\"es\",\"potentialAction\":[{\"@type\":\"ReadAction\",\"target\":[\"https:\/\/tecadesarrollos.com\/kentro\/master-plan\/\"]}]},{\"@type\":\"ImageObject\",\"inLanguage\":\"es\",\"@id\":\"https:\/\/tecadesarrollos.com\/kentro\/master-plan\/#primaryimage\",\"url\":\"https:\/\/tecadesarrollos.com\/kentro\/wp-content\/uploads\/sites\/5\/2020\/03\/kentro-master-plan-1.png\",\"contentUrl\":\"https:\/\/tecadesarrollos.com\/kentro\/wp-content\/uploads\/sites\/5\/2020\/03\/kentro-master-plan-1.png\",\"width\":1000,\"height\":624},{\"@type\":\"BreadcrumbList\",\"@id\":\"https:\/\/tecadesarrollos.com\/kentro\/master-plan\/#breadcrumb\",\"itemListElement\":[{\"@type\":\"ListItem\",\"position\":1,\"name\":\"Inicio\",\"item\":\"https:\/\/tecadesarrollos.com\/kentro\/\"},{\"@type\":\"ListItem\",\"position\":2,\"name\":\"Master Plan\"}]},{\"@type\":\"WebSite\",\"@id\":\"https:\/\/tecadesarrollos.com\/kentro\/#website\",\"url\":\"https:\/\/tecadesarrollos.com\/kentro\/\",\"name\":\"Kentro\",\"description\":\"Townhouses en Montes de Am\u00e9, M\u00e9rida\",\"potentialAction\":[{\"@type\":\"SearchAction\",\"target\":{\"@type\":\"EntryPoint\",\"urlTemplate\":\"https:\/\/tecadesarrollos.com\/kentro\/?s={search_term_string}\"},\"query-input\":{\"@type\":\"PropertyValueSpecification\",\"valueRequired\":true,\"valueName\":\"search_term_string\"}}],\"inLanguage\":\"es\"}]}<\/script>\n<!-- \/ Yoast SEO plugin. -->","yoast_head_json":{"title":"Kentro - Master Plan","description":"Kentro es una exclusiva privada de 7 townhouses ubicada en Montes de Am\u00e9, M\u00e9rida. Cada townhouse cuenta con 142 metros de construccio\u0301n en 2 niveles.","robots":{"index":"index","follow":"follow","max-snippet":"max-snippet:-1","max-image-preview":"max-image-preview:large","max-video-preview":"max-video-preview:-1"},"canonical":"https:\/\/tecadesarrollos.com\/kentro\/master-plan\/","og_locale":"es_MX","og_type":"article","og_title":"Kentro - Master Plan","og_description":"Kentro es una exclusiva privada de 7 townhouses ubicada en Montes de Am\u00e9, M\u00e9rida. Cada townhouse cuenta con 142 metros de construccio\u0301n en 2 niveles.","og_url":"https:\/\/tecadesarrollos.com\/kentro\/master-plan\/","og_site_name":"Kentro","article_modified_time":"2020-03-31T18:25:38+00:00","og_image":[{"url":"https:\/\/tecadesarrollos.com\/kentro\/wp-content\/uploads\/sites\/5\/2020\/03\/kentro-master-plan-1.png","type":"","width":"","height":""}],"twitter_card":"summary_large_image","schema":{"@context":"https:\/\/schema.org","@graph":[{"@type":"WebPage","@id":"https:\/\/tecadesarrollos.com\/kentro\/master-plan\/","url":"https:\/\/tecadesarrollos.com\/kentro\/master-plan\/","name":"Kentro - Master Plan","isPartOf":{"@id":"https:\/\/tecadesarrollos.com\/kentro\/#website"},"primaryImageOfPage":{"@id":"https:\/\/tecadesarrollos.com\/kentro\/master-plan\/#primaryimage"},"image":{"@id":"https:\/\/tecadesarrollos.com\/kentro\/master-plan\/#primaryimage"},"thumbnailUrl":"https:\/\/tecadesarrollos.com\/kentro\/wp-content\/uploads\/sites\/5\/2020\/03\/kentro-master-plan-1.png","datePublished":"2020-02-26T00:02:44+00:00","dateModified":"2020-03-31T18:25:38+00:00","description":"Kentro es una exclusiva privada de 7 townhouses ubicada en Montes de Am\u00e9, M\u00e9rida. Cada townhouse cuenta con 142 metros de construccio\u0301n en 2 niveles.","breadcrumb":{"@id":"https:\/\/tecadesarrollos.com\/kentro\/master-plan\/#breadcrumb"},"inLanguage":"es","potentialAction":[{"@type":"ReadAction","target":["https:\/\/tecadesarrollos.com\/kentro\/master-plan\/"]}]},{"@type":"ImageObject","inLanguage":"es","@id":"https:\/\/tecadesarrollos.com\/kentro\/master-plan\/#primaryimage","url":"https:\/\/tecadesarrollos.com\/kentro\/wp-content\/uploads\/sites\/5\/2020\/03\/kentro-master-plan-1.png","contentUrl":"https:\/\/tecadesarrollos.com\/kentro\/wp-content\/uploads\/sites\/5\/2020\/03\/kentro-master-plan-1.png","width":1000,"height":624},{"@type":"BreadcrumbList","@id":"https:\/\/tecadesarrollos.com\/kentro\/master-plan\/#breadcrumb","itemListElement":[{"@type":"ListItem","position":1,"name":"Inicio","item":"https:\/\/tecadesarrollos.com\/kentro\/"},{"@type":"ListItem","position":2,"name":"Master Plan"}]},{"@type":"WebSite","@id":"https:\/\/tecadesarrollos.com\/kentro\/#website","url":"https:\/\/tecadesarrollos.com\/kentro\/","name":"Kentro","description":"Townhouses en Montes de Am\u00e9, M\u00e9rida","potentialAction":[{"@type":"SearchAction","target":{"@type":"EntryPoint","urlTemplate":"https:\/\/tecadesarrollos.com\/kentro\/?s={search_term_string}"},"query-input":{"@type":"PropertyValueSpecification","valueRequired":true,"valueName":"search_term_string"}}],"inLanguage":"es"}]}},"uagb_featured_image_src":{"full":false,"thumbnail":false,"medium":false,"medium_large":false,"large":false,"1536x1536":false,"2048x2048":false},"uagb_author_info":{"display_name":"inboundmetrica","author_link":"https:\/\/tecadesarrollos.com\/kentro\/author\/inboundmetrica\/"},"uagb_comment_info":0,"uagb_excerpt":"Master Plan Con Kentro podr\u00e1s gozar de los beneficios de vivir en un lugar moderno, con excelente ubicaci\u00f3n y acceso a m\u00faltiples servicios. * Disponibilidad y precios sujetos a cambios sin previo aviso. \u00bfQuieres conocer Kentro? Solicita m\u00e1s informaci\u00f3n o agenda un recorrido por el desarrollo Agendar recorrido","_links":{"self":[{"href":"https:\/\/tecadesarrollos.com\/kentro\/wp-json\/wp\/v2\/pages\/159","targetHints":{"allow":["GET"]}}],"collection":[{"href":"https:\/\/tecadesarrollos.com\/kentro\/wp-json\/wp\/v2\/pages"}],"about":[{"href":"https:\/\/tecadesarrollos.com\/kentro\/wp-json\/wp\/v2\/types\/page"}],"author":[{"embeddable":true,"href":"https:\/\/tecadesarrollos.com\/kentro\/wp-json\/wp\/v2\/users\/1"}],"replies":[{"embeddable":true,"href":"https:\/\/tecadesarrollos.com\/kentro\/wp-json\/wp\/v2\/comments?post=159"}],"version-history":[{"count":18,"href":"https:\/\/tecadesarrollos.com\/kentro\/wp-json\/wp\/v2\/pages\/159\/revisions"}],"predecessor-version":[{"id":247,"href":"https:\/\/tecadesarrollos.com\/kentro\/wp-json\/wp\/v2\/pages\/159\/revisions\/247"}],"wp:attachment":[{"href":"https:\/\/tecadesarrollos.com\/kentro\/wp-json\/wp\/v2\/media?parent=159"}],"curies":[{"name":"wp","href":"https:\/\/api.w.org\/{rel}","templated":true}]}}